culate the greatest common divisor of u and s.
1
Suppose 0 = -16*z - 71 + 263. Calculate the highest common factor of z and 864.
12
Suppose 0 = -52*r - 25554 + 70482. What is the highest common divisor of r and 387?
9
Suppose 10*a - 88 = -a. Suppose 2*p + 2*u + 2*u + a = 0, 2*p + 3 = -3*u. Let m = 13 - 11. Calculate the greatest common divisor of m and p.
2
Let l(a) = -13*a**3 + 7*a**2 + 25*a - 8. Let h be l(-6). Suppose h = 5*k + 252. What is the greatest common divisor of k and 10?
10
Suppose -5*z = 4*m - 237, 3744*m + 287 = 3749*m - 3*z. Calculate the highest common divisor of 1247 and m.
29
Let z(w) = 18*w**2 - 10*w + 21. Let g be z(3). Suppose 0 = -2*u + 253 - 219. What is the greatest common factor of u and g?
17
Suppose -3*g = -4*t - 1149, 0 = 5*g + 2*t + 384 - 2325. What is the highest common divisor of g and 215?
43
Let p be (122/(-6))/(10/(-30)). Suppose 29 = t - p. Calculate the greatest common divisor of 60 and t.
30
Suppose 0 = -5*s - 3*w + 865, 2*w + 500 = s + 2*s. Let v = s - 152. What is the highest common divisor of v and 54?
18
Suppose -j + 25 = -5*i - 6*j, 3*j = -i + 3. Let l be (5 + (i - -5))*28. Suppose 2*t - 13 = -3, -l = -s - 3*t. What is the greatest common divisor of 52 and s?
13
Let m be ((215/(-43))/((-20)/(-216)))/((-3)/2). What is the greatest common factor of m and 4?
4
Let b(c) = 6*c - 61. Let i be b(13). Suppose i = 5*q + 2, q = -5*t + 2018. Calculate the greatest common divisor of 31 and t.
31
Suppose 2*j + 75*r = 74*r + 12, 5*r - 5 = j. Suppose 4*n - 9*v + j*v - 1492 = 0, -v = n - 375. Calculate the highest common factor of 102 and n.
34
Suppose -13*d + 5*z - 1815 = -18*d, -z + 1440 = 4*d. What is the highest common factor of d and 3?
1
Let v be (36/8 - 4)*16. Suppose -v*a - 5 = -181. Suppose 4*o - 5*b = a + 6, -o - 5*b + 32 = 0. What is the highest common factor of 6 and o?
6
Suppose 10*w = 9*w + 8. Suppose -12 = -i + w. Suppose i*l = 25*l - 40. Calculate the greatest common factor of 16 and l.
8
Let l = -118 + 120. Suppose -2 = 3*u + 2*q - 822, l*u + q - 546 = 0. Calculate the highest common factor of u and 32.
16
Let z(f) be the first derivative of -f**4/4 + 7*f**3/3 + 3*f**2 + 13*f - 10. Let s be z(9). Let n = -55 - s. What is the highest common factor of 5 and n?
5
Let u = -743 + 743. Suppose 0*k + 5*k - 957 = y, -5*k - 2*y + 966 = u. What is the greatest common divisor of 240 and k?
48
Let j(u) = -46*u**2 - u. Let m be j(1). Let y = 72 + m. Suppose -v - y = -l, 2*v = -4*l + 34 + 42. Calculate the greatest common factor of 21 and l.
21
Let z = 1057 + -494. Let r = 12 + z. What is the greatest common divisor of r and 115?
115
Let u(b) = 2299*b + 994. Let q be u(10). What is the highest common divisor of 16 and q?
16
Let j(d) = 9*d + 212. Let c be j(-23). Suppose -4*s = -3*a + 269 - 92, -c*a - 2*s + 321 = 0. What is the highest common factor of 14 and a?
7
Suppose p + 0*p + 4*d - 3042 = -0*p, 0 = -2*d. Calculate the highest common factor of 36 and p.
18
Let i be (2 + (-9)/3)*(-9)/(162/72). Let l be (7 + 302)/((-6)/(-8)). Calculate the highest common factor of i and l.
4
Let q be (-6)/14 + 55/(-35). Let h(a) = -109*a + 26. Let u be h(q). Calculate the highest common divisor of 61 and u.
61
Let n(f) = f**2 + 2*f + 3. Let x be n(6). Suppose -151*k + 36 = -147*k. What is the greatest common factor of x and k?
3
Suppose -20*l - 210 = -23*l. Suppose w + 9 - 6 = 0, 4*n = 2*w + 706. Calculate the greatest common divisor of n and l.
35
Let v(m) = -349*m + 1472. Let d be v(-3). Calculate the highest common factor of 88 and d.
11
Let x = -2201 + 2429. What is the greatest common divisor of x and 19?
19
Suppose 0 = -4*q + 256 + 672. Let i be (-9)/(585/52) + 298/10. What is the highest common divisor of q and i?
29
Let n be 5298/12 + 1/(-2). Suppose -10*q + n = -q. What is the greatest common factor of q and 539?
49
Let d = -148 + 192. Let p be (63/15 + 3)*-5. Let j = 74 - p. What is the highest common divisor of d and j?
22
Suppose 5*d = -20, -732*z - 2*d - 56 = -735*z. Calculate the highest common divisor of z and 86.
2
Let k = -29823 + 29854. Let m = 2 + -2. Let f be 279/(m - 3/(-3)). Calculate the greatest common divisor of k and f.
31
Let l be (-2 + 1)*(6705/(-9) + -9). Let c = -351 + l. What is the highest common factor of 93 and c?
31
Suppose -57*q + 47*q + 170 = 0. What is the highest common divisor of 4 and q?
1
Suppose 2382*l = 2372*l + 10. Let a(t) = -11*t**2 + t. Let g be a(-1). Let m = 14 + g. What is the greatest common factor of m and l?
1
Suppose 5*q - 23 = -2*g, -g - 4*q + 2*q = -14. Calculate the highest common divisor of g and 726.
6
Let s be (-6)/8 - 21777/(-732). Suppose -2*f = -4*r + 2672, -6*f = 5*r - 4*f - 3331. What is the highest common divisor of r and s?
29
Let r(y) = y + 78. Let x be r(0). Let v = 344 - x. Calculate the highest common factor of v and 14.
14
Suppose 0 = -2*y - 17 + 159. Suppose y + 233 = 4*r. Suppose f - 5*d - 8672 = -8653, 4*f + 4*d = 76. What is the highest common factor of f and r?
19
Let m(i) = -i**3 + 45*i**2 + 233*i - 224. Let t be m(48). Calculate the highest common factor of 88 and t.
88
Let t = 194 - 188. Let x be (-3)/((t/(-224))/1). What is the greatest common divisor of x and 56?
56
Let p = -787 - -789. Let a be (-7 - 1)*(3 + -4). What is the greatest common divisor of a and p?
2
Suppose -927 = -i - 0*i - 144. Calculate the highest common divisor of 696 and i.
87
Suppose 3*o - 1582 = -13*l + 359, -2*o - 6 = 0. What is the highest common factor of 610 and l?
10
Let o(h) = 71*h**2 - 70*h + 2. Let g be o(4). What is the highest common divisor of 273 and g?
39
Suppose 2*y - 210 = a - 183, 3*y - 2*a = 42. Let q be ((-72)/15)/(4/(-30)). Calculate the greatest common factor of y and q.
12
Let q = -18432 - -19458. Calculate the highest common factor of q and 133.
19
Let z(h) = 3*h + 232. Let y be z(-29). Suppose 4*o = 91 + 25. Calculate the highest common factor of y and o.
29
Let z = 11728 + -11725. Let j(n) = n**2 - 2*n - 5. Let f be j(4). Suppose -z*r = -l + 73, -r - 56 = -f*l + 155. What is the greatest common factor of 105 and l?
35
Let o(p) = -3*p + 88. Let d be o(0). Suppose 4*y = t + 27, 3 = 4*y - 5*t - 4. Calculate the greatest common divisor of y and d.
8
Let b be -1 - 2 - (9 - 0). Let z be 28/(-42) + (-2)/(b/46). Suppose -z*p - 625 = -12*p. Calculate the highest common factor of 50 and p.
25
Let s be 99/(-132) + (-1947)/(-4) + -1. Let a = s + -161. Calculate the greatest common factor of a and 72.
36
Suppose -f + 4 = n, -3*n + 0*n + 7 = -2*f. Suppose -4*k + f = -7. Let a be (-14)/(-8) - k - 244/(-16). Calculate the highest common divisor of a and 105.
15
Let a(n) = 2*n**2 + 3*n + 15. Let r be a(-6). Suppose 122*h = 131*h - 2691. What is the highest common divisor of r and h?
23
Let s be 13 - (14 + 9340)/(-3). What is the greatest common divisor of 279 and s?
31
Suppose w - 46 - 29 = 0. Suppose 2*n - l + 0*l - w = 0, l - 33 = -n. Let p be n + 1 - (1 - 2)*-3. Calculate the highest common factor of 51 and p.
17
Suppose 19 + 5 = -3*g. Let w be (-3)/(4/(g/2)). Suppose f = -w*f + 704. Calculate the highest common divisor of f and 22.
22
Let l = 13278 - 13089. What is the greatest common factor of 1008 and l?
63
Let s(g) = 32*g - 204. Let u be s(12). Let y = -25 + 125. Calculate the highest common divisor of y and u.
20
Let r = 113 + -43. Suppose 0 = -14*u + 668 - 24. Let q(y) = -y**2 + 52*y - 248. Let i be q(u). Calculate the highest common factor of r and i.
14
Suppose 0 = 3*p + 3*s - 84, 0*s - 11*s = -p - 68. Suppose 2*z - 202 = -54. Let k = z - p. What is the greatest common factor of k and 81?
27
Suppose -700*q + 695*q + 675 = 0. Calculate the greatest common divisor of q and 65.
5
Suppose -10*q - 122 = -5*i - 9*q, -i + 5*q = -10. Suppose 123 = 2*c - 227. Calculate the greatest common divisor of i and c.
25
Let x(r) = r**3 - 11*r**2 - 9*r - 22. Let f be x(12). Let m be (149 - f) + 0/(-1). Suppose -m = w - 2*w. Calculate the highest common factor of w and 30.
15
Suppose 5*p - 22*i + 17*i - 1135 = 0, -7*i = 2*p - 490. Calculate the greatest common divisor of 721 and p.
7
Let a = -73 - -75. Let p be -1*a*(-8 + 6). Suppose 2*j = j + p*n + 217, 4*n = 5*j - 1053. What is the highest common divisor of j and 19?
19
Let o be 6/(-87) - 800688/(-812). Calculate the gre